- -1) + -7)?
2
What is -4 + -3 + 10 + 2?
5
-2 + (4 + 2 - (2 + -8))
10
Calculate -3 + 0 + -12 + 13.
-2
What is 4 - (19 + -5 + -5 - 4)?
-1
What is the value of -23 - -18 - (0 + -4)?
-1
What is the value of 2 - (-2 + 5) - -6?
5
Calculate 6 + (-8 - 2) + 9.
5
What is the value of 2 + (-2 - -7) + -11?
-4
Evaluate -2 + (-3 - -6) + -3.
-2
5 + 3 - (6 + -2)
4
What is 0 + -6 + -17 + 24 - -5?
6
Calculate 1 - ((-3 - (-7 - 3)) + -7).
1
What is (2 - 9) + (5 - 1)?
-3
-1 + (0 - (6 - 4))
-3
Calculate -2 - 8 - (-81 - -73).
-2
Calculate 2 - (2 - (-1 + 2)) - 4.
-3
What is the value of 1 - -2 - 10 - 2?
-9
Calculate -11 + 14 + -1 - -4.
6
What is -1 + 7 + -9 + (-1 - 1)?
-5
What is the value of (-8 - -7) + 10 + -14?
-5
Evaluate -4 + 1 + 1 - (-17 + 17).
-2
What is 0 - -3 - (2 - -1)?
0
Evaluate (1 - (1 + -1)) + -58 + 58.
1
What is (0 - 2) + 13 + -30 + 26?
7
Evaluate -3 - (-14 + 8 + -2).
5
What is 45 - 45 - (-8 - 0) - 2?
6
Calculate 1 - (-1 - 4 - 0) - 4.
2
Calculate 0 + 2 + (-3 - 0) + 3.
2
What is the value of -9 - (-3 + 5 + -10)?
-1
What is -1 + ((-2 - -3) + 3 - 4)?
-1
Calculate -1 - 1 - (3 + -13 + 9).
-1
Evaluate (4 + -7 - -8) + 0.
5
-8 + 10 + 0 + -9
-7
What is -4 + 0 + -1 - (2 - -1)?
-8
Calculate 0 + -5 + (6 - 5) + 7.
3
0 - 6 - -3 - (-1 - 0)
-2
Evaluate 3 + -1 + (-1 - -3) + 1.
5
Calculate -2 + (5 + -3 - (5 - 1)).
-4
Evaluate 4 - (5 + -2 + 3).
-2
What is 0 + -1 - -1 - (20 - 18)?
-2
Evaluate -3 + -1 - (-9 - (15 - 29)).
-9
Calculate 7 + (-4 - -2) - 1.
4
What is (-18 - -17) + (8 - 2)?
5
What is the value of 2 + 1 + -7 + 5?
1
1 + 3 + 2 - 2
4
Calculate -34 + 27 + (1 - 4) + 15.
5
What is -6 + (0 - (-15 + -4 + 12))?
1
Evaluate -2 - (-7 + 0 + 2).
3
124 + -123 - (1 + -3)
3
-10 - (11 + -6 + -11)
-4
What is (6 + -5 - 3) + 7 - 0?
5
Evaluate -3 - (-3 - (-2 + 3) - -1).
0
Evaluate 9 - ((-10 - -3) + 7).
9
What is (-3 - -5) + -15 + 21?
8
Calculate (6 - (-8 + 8 + 3)) + -8.
-5
What is -2 - (0 + 0 - (-2 + 0))?
-4
What is -5 - -4 - (-6 - -1)?
4
Calculate 0 + (-7 - (2 - 4)).
-5
Calculate -6 + 2 + 2 + 3 + -3.
-2
Calculate (8 + -10 - 1) + -5 + 2.
-6
Evaluate 10 + -31 - -12 - -1.
-8
Calculate -6 - (-8 - (4 - 9)).
-3
What is -1 + (5 - (8 - (1 - -4)))?
1
Evaluate (33 - 34) + (1 - 2) + -2.
-4
(0 - 2) + (9 - (-16 - -28))
-5
What is the value of -10 - ((-4 - 0) + 4 + -5)?
-5
What is the value of (2 - -2) + -8 + 1?
-3
10 + 1 + (8 - 12) + -11
-4
26 + -16 + -9 - (-1 - 1)
3
0 - -1 - ((8 - 3) + 1)
-5
Evaluate -8 + (7 + 6 - 1).
4
What is the value of (-1 - -1) + (44 - 43)?
1
(1 - -3 - -3) + 2 + -5
4
Calculate (-1 + 5 - -1) + -6.
-1
What is the value of 2 + (1 - 2) + 1?
2
Evaluate (-4 - (-2 - 3) - 4) + 5.
2
What is the value of 33 - 39 - (-1 - 3)?
-2
What is the value of 3 + (-3 - -2 - (0 - -2))?
0
Evaluate -2 - (-4 - (-4 + 6)) - 1.
3
10 - (19 + -11 + (1 - 4))
5
-2 - (3 - (-4 + -2 + 6))
-5
7 + -2 + 9 + -11
3
Calculate 4 - 9 - -3 - 2.
-4
What is (-4 - 5) + (9 - 5)?
-5
Calculate 4 + -6 + (1 + 4 - 2).
1
What is the value of (1 - 19) + 3 - (24 + -31)?
-8
Calculate (2 - (2 - 2)) + 8 + -6.
4
Evaluate 24 + -12 - 11 - (-1 + -6).
8
Calculate -6 - ((2 - 6) + (43 - 35)).
-10
Calculate (-12 - 3) + 10 + 8.
3
Calculate -27 - -23 - (0 + -5).
1
Calculate -9 + (-3 - -5) - -3.
-4
Calculate 2 + -1 + 0 + 1 + -3.
-1
-2 - (3 + 0 + -4 - 1)
0
-10 + 20 + 0 + -1
9
Evaluate (-2 - 1) + (-5 - -16) - 6.
2
(-2 - (-4 - -1)) + 1 + 1
3
Calculate 5 - (7 + 4 + 0 + -4).
-2
Evaluate 7 + 18 + -14 + (-8 - 2).
1
What is the value of (-1 - (-2 + -1)) + 3?
5
-7 + -11 + 7 + 20
9
Evaluate 7 + -8 - -5 - 6.
-2
Evaluate -5 + 1 - (-2 + -2 - -5).
-5
What is the value of -2 - (-12 + (1 - (1 - 3)))?
7
What is the value of -2 - (7 + -1 - (-16 - -22))?
-2
Evaluate -48 + 55 - (2 - -1).
4
(-6 + -4 - 3) + 4
-9
Calculate 0 + -4 + (4 - 0) + 4.
4
What is (3 - 11 - -8 - -7) + 0?
7
What is 1 + 6 + -124 + 122?
5
Evaluate -5 + (2 + 3 + -1 - -5).
4
What is 2 + (-2 - 1) - 3?
-4
What is -6 - (-6 - (4 + -2 + -7))?
-5
Evaluate (0 - -2) + 4 + -2 - 5.
-1
Calculate 17 + 1 + -20 + 1 + -1.
-2
What is 2 + (2 - 1) + (-7 - -7)?
3
8 + -1 + (-3 - 2)
2
-3 + 1 + -2 + (2 - 2)
-4
What is the value of -4 + 8 - 3 - 6 - 0?
-5
What is the value of -2 + 0 + (-1 - (3 - 3))?
-3
Evaluate 3 + -4 + 4 + -7 - 1.
-5
What is the value of 4 - (-5 - (-3 + -1))?
5
Evaluate 3 - 1 - (-2 + (6 - 2)).
0
Calculate (2 - 4) + -2 + 0 + 3.
-1
What is the value of (0 - 0 - (-9 + 9)) + -4?
-4
Calculate 2 + (3 - (4 + -2)) + -3.
0
What is (3 - 1) + 1 - (-1 - -8)?
-4
Evaluate -11 - (-10 - -16 - 10).
-7
3 - 11 - -1 - -4
-3
What is -1 + (2 - 5) + (-30 - -30)?
-4
Calculate -14 + (-11 - -11) + 10.
-4
Calculate -3 + (0 + 8 - 4) - 3.
-2
7 + 0 + -7 - -1
1
What is the value of -4 + 5 - -4 - 3?
2
What is the value of (2 - -1) + 1 - (33 + -36)?
7
Calculate 5 + (-6 - (-4 - -8)).
-5
What is -6 + (0 - -1 - (-1 - -2))?
-6
What is the value of 4 - 1 - (-1 - (-2 + 3))?
5
What is the value of (0 - -12) + -20 + 14?
6
Evaluate (3 - (4 - 5)) + -1.
3
Calculate -1 + (4 - (0 - (-8 + -1))).
-6
-2 + (-21 + 18 - (0 + 0))
-5
Evaluate 9 + 1 + -17 + -2.
-9
Evaluate 2 - (-1 + 4) - (1 + 2).
-4
Evaluate (0 - -30) + -22 + (-6 - 1).
1
7 - (-3 + 5 + -1)
6
What is -40 + 41 + (3 - -2)?
6
What is 3 - (4 - 7) - (0 + 15)?
-9
Calculate (4 - (-5 - (-1 + -9))) + 1.
0
What is 4 + (5 - 1) + -5 + 0?
3
What is the value of 10 - (6 - -3) - 4?
-3
What is the value of -3 - (3 - (-4 - (-24 + 5)))?
9
Evaluate 6 + 1 + -10 + 3.
0
3 - (-5 + 6 + 12)
-10
-2 - (0 + (0 - 2) + 2)
-2
Calculate 2 + 1 + 0 - (3 - 6).
6
Evaluate -1 - (-1 - (2 + -5)).
-3
Calculate -6 - -8 - (-1 - (-1 + 0)).
2
Evaluate -30 - -23 - (1 - 8).
0
1 - (-7 + -2 + 5)
5
5 + (3 - 5) + -7
-4
Evaluate -2 + -4 - -2 - (-3 - -1).
-2
Calculate (-5 - (-9 + 6)) + 9.
7
Evaluate (8 - -1) + 49 + -56.
2
What is the value of -2 - (-3 + 6 + -9 + 9)?
-5
Calculate -2 - (2 + 5 + -10).
1
Calculate (-15 - -17) + (1 - 0).
3
Evaluate 19 + 0 - (-49 + 60).
8
Calculate 2 - (-3 - (5 - 11)).
-1
9 + 0 + (-50 - -41)
0
Calculate 7 + -7 - (5 + -1).
-4
What is 3 + 5 + -2 + (2 - 3)?
5
What is (-8 - (-7 - -2) - -4) + 1?
2
Calculate 293 + -297 + 1 + (8 - -1).
6
3 + -1 - (6 - 2 - 5)
3
Calculate 5 - 4 - (5 + -2).
-2
What is -3 - (0 + -5 - (18 + -28))?
-8
-6 - -3 - (-4 - -5 - 0)
-4
(-5 - -1) + (0 - -11)
7
What is -3 + -10 + 1 + 29 + -22?
-5
-18 + 12 + 10 + -7
-3
-18 - (-2 + -6) - -13
3
Calculate -2 - (3 - 4) - (-1 + 2).
-2
What is the value of -2 + (2 - 0) + -1?
-1
What is the value of 6 + (4 - (11 - -3))?
-4
Evaluate -1 + 3 - (4 + 3 - 1).
-4
Calculate -8 + -1 - (-3 + 0).
-6
What is (7 - (-7 - -17)) + (-3 - 0)?
-6
Calculate 8 - (2 - -7 - -1) - -4.
2
-5 - ((-5 + 3 - -1) + -2)
-2
Calculate (-1 - -7) + -1 + -1.
4
What is -13 - (-6 + -1 + (6 - 6))?
-6
Calculate (-10 - -5) + (-4 - -3).
-6
Evaluate -3 - (6 + -5 + -1).
-3
0 - (7 + -8) - -3
4
What is the value of 3 + ((-1 - 5) + 3 - -3)?
3
What is the value of 3 - (2 + -6 + 7) - -1?
1
Calculate (-4 - (-16 - -4)) + -5.
3
What is the value of (-11 - (-6 - 3)) + 6?
4
What is (-5 - -3) + (0 - 3 - -3)?
-2
Calculate 7 + -5 + (-4 - (3 - 8)).
3
What is -8 + (-2 - (-1 - 4))?
-5
Evaluate -5 - (3 + -9) - 2.
-1
What is (2 - -3) + 1 + -4 + -1?
1
Calculate 24 + -31 + (-1 - -3).
-5
What is the value of 3 + -8 - (2 + -11 + 1)?
3
What is -7 - (-15 - -8) - -8?
8
What is the value of (10 - 12) + 6 + -1 + -6?
-3
Evaluate 0 + -2 + -4 + 4.
-2
Evaluate 16 + -9 + (-10 - -6).
3
What is -7 + 13 + -6 + 1 + 4?
5
Evaluate 2 - ((1 - 3) + 4).
0
Calculate 4 + 5 + -5 + -1.
3
What is (-17 - (-14 - 0)) + (1 - -2)?
0
6 - (-4 - (6 + -19 - -5))
2
Calculate 8 - (10 + -6 + 5).
-1
2 + (-5 - 3) + 9
3
-9 + 6 - (-1 + (1 - -1))
-4
What is the value of (4 - (12 + -8)) + 5?
5
Calculate 2 - -9 - 22 - -3.
-8
What is 5 - (8 + -5 - (2 + -4))?
0
Calculate 1 - 11 - -5 - (0 - 5).
0
1 - (12 + -4 + (-12 - -4))
1
What is the value of 6 + 7 + (-13 - -7) - 7?
0
Evaluate 7 + -6 + -4 + 2.
-1
Calculate 6 + (-6 - (-4 - 1 - -5)).
0
8 - ((-4 - (-4 - 4)) + 0)
4
9 + (-3 - -8) + -16
-2
What is the value of (2 - -2 - 6) + (10 - 9)?
-1
(-4 - -8) + -9 + 1
-4
(13 - 6) + 1 + -13
-5
What is -3 - (-1 - ((-3 - -1) + 1))?
-3
What is the value of 1 + 1 + -2 + 25 + -26?
-1
What is the value of 18 - 10 - (21 + -11)?
-2
Calculate 1 + -1 + -4 + 5.
1
Calculate (3 - 1) + 1 + 0.
3
What is (-7 - -6) + -2 + (0 - -2)?
-1
Evaluate -25 + 28 + (2 - 5) + -1.
-1
Calculate 5 + (-5 - -5) - 6.